uppose 9*c - 4*s - 1807 = 4*c, 4*c - 5*s - 1451 = 0. What is the hundreds digit of c?
3
Suppose -3 = -0*l + 3*l. Let i be 3*(2/(-3) - l). Suppose -n + 9 = i. What is the units digit of n?
8
Let h be ((-30)/(-9))/((-7)/(-21)). Let i(r) = -15*r**3 + r**2 + r + 1. Let s be i(-1). Let z = s + h. What is the units digit of z?
6
Suppose 5*l + 5*z - z = 6279, 4 = 4*z. What is the thousands digit of l?
1
Let r = 2153 + 279. What is the thousands digit of r?
2
Let d(s) = s + 17. Let z be d(-15). Suppose 3*h = -2*o, z*h - 10 = o + o. Suppose -3*j - 2*j + h*q + 14 = 0, 4*q = 5*j - 18. What is the units digit of j?
2
Suppose -2*x + 135 + 149 = 0. What is the units digit of x?
2
Suppose -1804 = -2*i + 2. What is the tens digit of i?
0
What is the hundreds digit of -9 - (-7358 - 4)/3?
4
Let f = 541 + -360. What is the hundreds digit of f?
1
Let v be ((-8)/5)/((-3423)/1710 + 2). Suppose -v = -8*f + 40. What is the units digit of f?
9
Suppose 4*d = 4*o + 3224, 5*d - 4*o - 4417 = -383. What is the tens digit of d?
1
Let r = 1887 - 214. What is the thousands digit of r?
1
Let y(i) = -2*i**2 + 6*i - 4. Let a be y(4). Let k be a/(-20)*(4 + 1). What is the tens digit of ((-46)/6)/((-1)/k)?
2
Suppose -1041 = -9*q + 3666. What is the units digit of q?
3
Let o(s) = -15*s**3 - 4*s**2 - 5*s - 6. Let j be o(-3). Let k be j/15 - (-3)/(-15). Suppose 0 = -3*d + 17 + k. What is the units digit of d?
4
Let u = -5 + 43. Let q = u - 19. What is the units digit of q?
9
Let o = 560 - 355. Suppose -5*k + o = 5*x, k = -0 + 2. What is the units digit of x?
9
Let k(g) = -3 - 1 - 3 + 6*g + 5. Let i be k(-5). Let t = -20 - i. What is the tens digit of t?
1
Let n(p) = -2*p**3 + p**2 + 10*p + 37. What is the hundreds digit of n(-10)?
0
Let s = 56 - 116. Let i be -3 + (-2 - -5) - s. Suppose -d + 6*d = i. What is the tens digit of d?
1
Let x = -176 + 324. What is the units digit of x?
8
Suppose 3*h + 2*q = 6 + 2, q = -2*h + 5. Suppose 10 = -2*v + 4*v, -230 = 4*k + h*v. Let r = 116 + k. What is the units digit of r?
6
Let u(k) be the first derivative of -k**3/3 + 11*k**2 - 32*k - 27. What is the tens digit of u(15)?
7
Let h(b) = 61*b**2 - 6*b + 21. What is the units digit of h(3)?
2
Suppose -15 = -8*d + 3*d. Let o be 1*(-5)/((-5)/d). Suppose n - o*m - 21 = 0, -2*n + m = -n - 25. What is the units digit of n?
7
What is the units digit of (-217)/(-62) - (-3)/2 - -249?
4
Suppose 6*h + 3 = 3. Let q(v) = 2*v**2 - v + 157. What is the hundreds digit of q(h)?
1
Let l = 42 + -127. What is the units digit of (-3)/(-4) + l/(-4)?
2
Let q be (-272)/16 - (-1 + -2). Let a = 43 + q. What is the tens digit of a?
2
Let r(a) = -15*a**2 + a. Let i be r(1). Let u(w) be the second derivative of w**5/20 + 13*w**4/12 - 5*w**3/2 - 4*w**2 + 28*w. What is the units digit of u(i)?
6
Let g(z) = z. Let x(u) = -9*u - 76. Let l(m) = -6*g(m) - x(m). What is the tens digit of l(0)?
7
What is the units digit of (8*-1)/(-2 + 0) - -412?
6
Let x(f) be the third derivative of -f**6/120 - f**5/10 + f**4/12 - 11*f**3/6 - 2*f**2. What is the hundreds digit of x(-8)?
1
Suppose -2*b + 5*y = -b, 3*b - 13 = 2*y. What is the tens digit of 373/b - 2/(-5)?
7
Let i = 661 - 440. Suppose 3*d + 4*q = 15 + i, -68 = -d - 4*q. What is the tens digit of d?
8
Let f(r) = -98*r + 12. What is the tens digit of f(-7)?
9
Let o(r) = -r**2 - 2*r - 1. Suppose -3 - 1 = 4*z. Let i be o(z). Suppose i = -3*q + 4 + 56. What is the units digit of q?
0
Let l be 4/(-14) + (-48)/(-21). Let i(c) = -l*c**2 + 6*c**2 + 5*c - 3*c**2 - 9. What is the tens digit of i(-8)?
1
Let p(q) = q + 14. Let d be p(-9). Let j be (-12)/(-5) - 2/d. Suppose j*g - 31 - 45 = 5*b, -4*b = -g + 38. What is the units digit of g?
8
Let a(g) = g**2 + 17*g - 15. What is the tens digit of a(16)?
1
Let b(o) = -6*o**3 - 2*o**2 - 6*o - 7. What is the hundreds digit of b(-5)?
7
Let q be (-2)/(-3) - (-154)/21. Let h(w) = w. Let l(i) = 10*i - 9. Let r(a) = -5*h(a) + l(a). What is the tens digit of r(q)?
3
Suppose 266 - 77 = -7*u. Let l = u - -28. What is the units digit of l?
1
Let w = -114 + 116. Suppose -3*v + 864 = -3*u, 4*v - 308 - 838 = -w*u. What is the tens digit of v?
8
Suppose -3*l - 12 = 0, 4*l + 15 = -d - 0*l. Let g(q) be the first derivative of 7*q**4/2 + q**2/2 - q + 1. What is the tens digit of g(d)?
1
Let x(g) = -801*g - 159. What is the hundreds digit of x(-4)?
0
Suppose 0 = -2*f + 763 + 249. What is the units digit of f?
6
Suppose -10868 = -16*m - 3*m. What is the hundreds digit of m?
5
Let v = -463 + 852. Suppose 13*j - 1910 = -v. What is the units digit of j?
7
Suppose o + 5*d = 4*o - 437, 20 = -5*d. Let b = 95 + o. What is the tens digit of b?
3
Suppose -4*m = -5*m + 10. Suppose -m*q + 7*q = -474. Suppose q = 4*z - 38. What is the tens digit of z?
4
What is the thousands digit of 1552675/350 + (-6)/28?
4
Let z be 2/10 - 3/15. Suppose 0 = -4*f + 4, -j + 2*j + 4*f = 14. Suppose z = 14*s - j*s - 44. What is the tens digit of s?
1
Let w(d) = 2*d**2 - 4*d + 3. Let a be 2/(-5) + (-132)/(-55). Let u be w(a). Suppose 4*y = 2*v - 124, u*v + 4*y - 150 = y. What is the units digit of v?
4
Let f(o) be the second derivative of -o**5/20 + o**4/12 + 3*o**3/2 + 15*o**2/2 - 7*o. What is the tens digit of f(-5)?
2
Let h(a) = 30*a**3 - 3*a**2 - 10*a + 12. What is the units digit of h(1)?
9
Suppose -11 - 5 = -4*c. Suppose -234 = -w - 5*k + c*k, 242 = w - 3*k. What is the hundreds digit of w?
2
Suppose -5*q = -5*n + 545, 4*q - 552 = -5*n + 2*q. Let l = 157 - n. What is the units digit of l?
7
Let q be 4/14 + 188/28. Let t = -9 + q. What is the units digit of (-4)/(-2) + 2 + t?
2
Suppose 0 = -185*b + 164*b + 37401. What is the units digit of b?
1
Let p = 126 - 41. Suppose 13 = -8*n + p. What is the units digit of n?
9
Let m = 9442 - 5050. What is the hundreds digit of m?
3
Suppose -4*j + 113 + 91 = -4*x, -265 = -5*j - 5*x. What is the units digit of j?
2
Let t be (1/(-2))/(2/(-144)). Let p = 68 - t. Suppose 0 = -6*q + 10 + p. What is the units digit of q?
7
Let m = -33 + 15. What is the hundreds digit of (6/m)/((-3)/1143)?
1
What is the tens digit of (2 + -1296)/((-8)/4)?
4
What is the units digit of (-6)/4 + (-2 - 17478/(-12))?
3
Let z = 3487 + -1325. What is the thousands digit of z?
2
Let c = -14 + 16. Suppose 0 = c*k - 2*t - 4, -t + 10 = -3*k + 4*k. Let x = k - -14. What is the units digit of x?
0
Let t be (-377)/58*(-1)/((-1)/(-24)). Suppose -198 = -2*q + t. What is the units digit of q?
7
Let q(n) = n - 8. Let z be q(13). Let b = 1 + z. Suppose 9*x = b*x + 39. What is the units digit of x?
3
Suppose -40*t - 158 = -41*t. Suppose 4*c - 2*j = 318, -4*c - 5*j + 153 = -t. What is the units digit of c?
9
What is the hundreds digit of (-25)/2*-118*(-8 - -9)?
4
Suppose -8*x + 12*x = 16. Suppose 0 = -a - 2*s - 3, 3*a + 7 + 2 = x*s. Let b = a + 7. What is the units digit of b?
4
Let t = -8 - -22. Let w = t + -20. What is the units digit of (-74)/w + 10/(-30)?
2
Let m(v) = -3 + 3*v**2 - 21*v - 2 + 15*v. What is the units digit of m(6)?
7
Let q(b) = b - 4. Let o be q(6). Let r be 3/(-4) - (-18)/24. What is the tens digit of 0/o + (27 - r)?
2
Suppose 640 + 2616 = 11*y. What is the tens digit of y?
9
Suppose d + 4*k - 3 = 0, -4*d - 5*k = -7*d + 43. Suppose -13*j + d*j + 26 = 0. What is the tens digit of j?
1
Let c(z) = z**3 + 14*z**2 - 16*z - 4. Let i be c(-11). Let l = -270 + i. What is the hundreds digit of l?
2
Suppose 20*t = 7505 + 8375. What is the hundreds digit of t?
7
Let k(c) = -5*c + 2. Let y be k(-3). Let n(a) be the second derivative of a**3/6 - 9*a**2/2 - 6*a. What is the units digit of n(y)?
8
Suppose 0 = l + 3*l - 16, t + 3*l - 16 = 0. Suppose t*u + 77 = 4*d - 3*d, -5*d + 480 = -u. What is the units digit of d?
7
Suppose -11*j + 4689 = -2*j. What is the tens digit of j?
2
Suppose 3*k + k - 65 = 3*o, -3*o - k - 70 = 0. Let w be (-1 - -2)*o + 1. Let u = w - -49. What is the units digit of u?
7
Let a(j) = 7 + 8*j - 4 - 6*j**2 + 0*j**2. Let y be a(6). What is the units digit of (y/10)/((-2)/4)?
3
Let b = -19 - -30. Let d(v) = 2*v**2 - 13*v + 16. Let j be d(b). Suppose j = 5*p - u + 6*u, -3*u - 115 = -5*p. What is the units digit of p?
3
Let q = -2022 + 3887. What is the tens digit of q?
6
Suppose -4*a = a + 230. Let b = -32 - a. Suppose 0 = -2*f + 10, -p + b = 3*f - 51. What is the units digit